late r(z).
5
Let u(p) = -7*p**3 + 4*p**2 + 8*p - 16. Let i(j) = 39*j**3 - 25*j**2 - 39*j + 80. Let n(s) = -2*i(s) - 11*u(s). What is n(3)?
13
Let z(f) = -f**3 - 12*f**2 - 11*f - 1. Let b(q) = 4*q**2 + 87*q - 33. Let v be b(-22). What is z(v)?
-1
Suppose -148 = 16*a - 20. Let v be 4/a*((6 - 2) + 4). Let y(g) = g**2 + 2*g + 2. Give y(v).
10
Let q = -7409 + 7405. Let r(a) = a**3 + 3*a**2 - 12*a - 28. Give r(q).
4
Suppose 11*g - 1 = 21. Let x(d) = 4*d**2 - 3*d - 1. Let c(y) = -y. Let o(j) = g*c(j) - x(j). Calculate o(-1).
-4
Let y(r) = r**3 - 12*r**2 + 13*r + 5. Suppose 4*h = z + 9, 5*z - 49 = z - h. What is y(z)?
27
Let s(q) = 41 - 632*q**2 + 627*q**2 + q - 37. Determine s(2).
-14
Let n(f) be the first derivative of -f**3/3 + 3*f**2 + 3*f + 4137. What is n(-3)?
-24
Let c(j) be the first derivative of -j**4/4 + 5*j**3/3 - j**2/2 - 7*j - 18. Suppose -18*w + 0*w = -36. Suppose -w*y + 208 = 198. Determine c(y).
-12
Let q be (-2 - 0) + 3 - (-1 + 0). Suppose 1 = 2*c + 3*l, -3*c - 3*l - l + 3 = 0. Let x(y) = -c + 27*y + 15 + y**q - 21*y. Calculate x(-7).
17
Let g(w) = -13*w**2 - 2*w + 5. Suppose 12*m - 16*m - 22 = -7*y, 2*y + 2*m = 0. Calculate g(y).
-51
Let o(n) = n**3 - 4*n**2 - 32*n + 82. Suppose 0 = -7*i + 2477 - 2428. Determine o(i).
5
Let z(u) = 6*u + 2*u**3 - 3*u**3 - 2*u**2 - 3*u**2 - 2. Let w(f) = -f**2 + 14*f + 45. Let s be w(17). Calculate z(s).
-2
Let l(v) = 3*v**2 - 1. Let r be l(1). Let i(t) = 2*t**2 - 4*t**2 + 2 + 2*t**2 - t**r + 3*t. Let s be 3 + -4 - -7*(-24)/(-28). Give i(s).
-8
Let d = -286 - -288. Let z(p) = p**d - 6*p + 31 - 3*p - 7*p**2 + p**3 + 36 - 60. Let f(a) = a**2 - a + 7. Let k be f(0). Determine z(k).
-7
Let p(v) = -73*v**2 + 65*v**2 + 6*v**3 + 6*v**3 + 1 - 3*v - 13*v**3. Give p(-6).
-53
Let q(m) be the first derivative of 283 + 9/2*m**2 + 10*m + 1/3*m**3. Determine q(-5).
-10
Suppose 28*x + 6 = 30*x. Suppose 5*q - x - 7 = 0. Suppose -4*k + 26 = 2*z, -q*k + 13 + 15 = 4*z. Let r(g) = g**3 - 3*g**2 - 6*g + 5. Determine r(k).
-3
Suppose -4*q = -4, 10 = 4*p + 3*q - 13. Suppose p*b - 11 = 4. Let s(n) be the second derivative of -n**3/3 - n**2/2 + 524*n. What is s(b)?
-7
Let n(r) be the second derivative of 157*r + 0 - 1/2*r**3 - 1/2*r**2 + 1/4*r**4 + 1/20*r**5. Give n(-4).
-5
Let d(w) = w**2 + 6*w + 6. Let u(t) = 7*t - 7 + 26 + 36 + 0. Let a be u(-9). Calculate d(a).
22
Let b be (-150)/(-35) - ((-3)/(-6) - (-12)/(-56)). Let z(i) be the second derivative of 3/2*i**2 + 7/12*i**4 - b*i - 4/3*i**3 - 1/20*i**5 + 0. Determine z(5).
13
Let c(u) = 76*u**2 - 80*u**2 + 2*u + 1 - 2*u. Suppose 17*s = -17 - 0. What is c(s)?
-3
Let x = 271 + -167. Let o = x + -103. Let k(w) = -1 + 35*w + 32*w - 55*w. Determine k(o).
11
Let p(k) be the second derivative of -7*k**4/12 - 19*k**3/6 - 15*k**2/2 + 266*k. Let z(t) = -6*t**2 - 18*t - 16. Let i(a) = 5*p(a) - 6*z(a). What is i(-10)?
-9
Let c(f) = -f**3 + 6*f**2 - 17*f + 71. Let t = -22072 + 22077. Determine c(t).
11
Let q(l) = -l**2 + 4*l + 9. Let u(v) be the third derivative of 2*v**4/3 + 23*v**3/6 + 4*v**2 + 2. Let j be u(-1). Give q(j).
-12
Let q(g) be the first derivative of -4*g**3/3 + 11*g**2/2 + 2*g - 7949. Determine q(2).
8
Let p(y) = -1595 + 543 + 336 + 7*y + 476. What is p(36)?
12
Let c(w) = -w**3 - 2*w**2 - 1. Suppose -15*z + 20*z - i = 11, 19*z + 5*i - 33 = 0. Calculate c(z).
-17
Let f = 7 + -4. Suppose -5*z = 4*m - 1604 - 1286, -5*z + 4*m = -2930. Let g(x) = -3*x - 291 - 292 + z + x**2. Calculate g(f).
-1
Let o(b) = b + 20. Suppose 5*t = 5*h - 4*h + 2, 0 = 3*h + 5*t - 74. Let u = h - 27. Give o(u).
11
Suppose 97*d - 11 = 86*d. Let m(w) = 74*w**3 + 6*w**2 + 8*w - 11. Let x(i) = 25*i**3 + 2*i**2 + 3*i - 4. Let k(o) = -3*m(o) + 8*x(o). Calculate k(d).
-23
Suppose 4*j - 3*g - 27 = 0, -5*g + 8 = -7. Let k be (-84)/(-15) - j/15. Let t(z) = -7*z + k*z + 6*z + 2*z - 3. What is t(5)?
27
Let b = 8 + -5. Let c(z) be the first derivative of 5*z**2/2 + 3*z + 5454. What is c(b)?
18
Let y(p) = -8*p + 8. Let x be y(3). Let j(o) = -25*o**3 + 20 - 17*o**2 - 30*o**3 + 54*o**3 - 15*o - 2 - 2. What is j(x)?
0
Let p be (0 + 15)*(-7 - (-620)/50). Suppose 0 = -4*z + 57 - p. Let f(j) = -j - 1. Calculate f(z).
5
Let g(x) = 5*x**2 + x + 5. Let t be g(-1). Let d(w) = -8*w + 13. Calculate d(t).
-59
Let a be (-3 + 0)*((-63)/135 + 5/(-25)). Let s(m) = 3*m**3 + m. Determine s(a).
26
Suppose 3*a = 5*f + 23, f - 3*f - 4 = 4*a. Let t = f + 0. Let x(o) = 0*o**2 + 4*o**2 - o**3 + 2*o**3 + 0*o**3 + 2492 - 2493. Calculate x(t).
-1
Let x = 1745 - 1743. Let p(g) = 4*g**3 + g**2 - 3*g - 2. Calculate p(x).
28
Let g(p) be the first derivative of 689*p**2 + 680*p**2 - 2051*p**2 + 5*p + 683*p**2 - 4*p + 224. Give g(-7).
-13
Let b = -48 + 48. Let l(f) = 1. Let m(d) = 1. Let w(x) = -x + 23. Let p(t) = 6*m(t) - w(t). Let z(i) = -5*l(i) - p(i). Determine z(b).
12
Let s = 276 - -7039. Let c(v) = 2*v + 7319 - s - 6*v. Determine c(3).
-8
Let p(u) be the third derivative of u**5/60 - 5*u**4/24 + 2*u**3/3 + 2*u**2. Let s = -850 + 878. Suppose 3*n + 5*b = s, n - 4*b + 26 = 4*n. What is p(n)?
10
Suppose 0 = 3*w - c - 1, -3*c + 24 = -4*w + 22. Let x(r) = 7*r**3 + 2*r**2 + 3*r - 4. Give x(w).
8
Let b(f) be the third derivative of -f**6/120 + f**5/20 - f**4/12 + f**3/2 - 19*f**2. Let r be (1 + 340/(-12))*-3. Let a = -78 + r. Determine b(a).
-21
Suppose 2*h + h = -3. Let r be h*(-5)/(-25) + (-252)/(-10). Suppose 5*y - 55 = 5*z, z - 2*z = 5*y - r. Let c(l) = -l**3 + 6*l**2 - 2*l + 1. Determine c(y).
-11
Let n(p) = -3*p + 8. Let h(w) = -4*w**3 - 3*w - 2 + 0*w**3 - w + 6*w**3. Let d be h(-1). Calculate n(d).
8
Let q(o) = 14*o + 7. Let x(h) = 0 - 4 - 11*h + 4*h. Let j(s) = -3*q(s) - 7*x(s). What is j(6)?
49
Let q = -32 + 23. Let z be 6/q - (-10)/6. Let v(r) = -54*r**2 + 2*r - 17. Let u(m) = -80*m**2 + 3*m - 24. Let i(c) = -5*u(c) + 7*v(c). Calculate i(z).
22
Let j(a) = -a**3 + 9*a**2 - a + 8. Let t(d) = -2*d**3 - 22*d**2 + 23*d - 3. Suppose 2*v = -3*h - 34, -3*h + 5*h = 5*v - 29. Let r be t(h). Determine j(r).
-1
Let d be -2*((2 - -5) + 36/(-9)). Let q(t) be the third derivative of -t**4/6 - 4*t**3/3 + t**2. What is q(d)?
16
Let r be (-1)/(-3) + (-2)/(-3). Let s(f) = 204*f**2 + 2 + 15*f**2 - 217*f**2 + 24*f**3 - 3. What is s(r)?
25
Let t(d) = -6*d + 7. Let g = 1350 - 1348. Determine t(g).
-5
Suppose -b + 67*g - 63*g + 14 = 0, 0 = 5*g + 15. Let l(o) = 2*o**2 + 5*o - 7. What is l(b)?
11
Let x(b) = b**2 + b. Let i(p) = 7*p - 3. Let z be i(1). Suppose 0 = -5*m - k - 220, z*k + 119 + 30 = -3*m. Let v = m + 39. Calculate x(v).
12
Let n(f) = 1869 - 941 - 927 - 2*f. Suppose 2*s + 3*d = 3 + 7, -5*s - 2*d = -36. Determine n(s).
-15
Let l(s) be the first derivative of -s**3/3 - 2*s**2 - s + 2. Let v be ((-6)/(-9))/((-10)/(-375)). Let p be (-2*1/(-2))/((-5)/v). Calculate l(p).
-6
Let a(c) = 2 + 16 + 17 + 22 - 12 + 5*c. What is a(-10)?
-5
Let f(d) = -3*d - 11. Suppose -9*u + 350 = -17*u - 42*u. Determine f(u).
10
Suppose 0 = 4*j - 9*j + 15. Suppose -j*f = -3*h - 8*f, 2*f = 0. Suppose 3 = -3*d - h. Let u(s) = -16*s**2 - s. Calculate u(d).
-15
Let q(i) = i**2 - 2*i - 2. Let f(x) = -x**2 + 24*x - 28. Let l be f(14). Suppose -l = 4*b - 8*b. Suppose -t - b = -26. Calculate q(t).
6
Suppose 0 = 3*s - 2*i, i - 12 = -3*i. Let c(b) = 139 + 146 - 2*b**3 - b**s - 286. Determine c(2).
-21
Let f(d) be the second derivative of -d**4/12 - 5*d**3/3 - 11*d**2/2 - 13*d + 281. Let y(r) = -3*r + 3. Suppose -t - 8 = -3*t. Let w be y(t). Calculate f(w).
-2
Let n be (3 + 4/(-2))*0. Suppose n = -2*o + 3*o - 12. Let k be ((-3)/o)/(((-1)/(-4))/(-1)). Let x(q) = -8*q**3 - q**2 + q. What is x(k)?
-8
Let k(t) = 100*t - 5206. Let x be k(52). Let o(j) be the first derivative of j**3/3 + 11*j**2/2 - j - 4. What is o(x)?
-31
Let x(c) be the second derivative of -c**5/20 + 5*c**4/12 + 5*c**3/6 - 5*c**2/2 - 27*c + 3. Give x(4).
31
Let r = -1528 + 1516. Let t(c) = -c**3 - 1. Let l(n) = 5*n**3 + 11*n**2 - 12*n + 4. Let x(y) = -l(y) - 4*t(y). What is x(r)?
0
Suppose 22 = -3*f - 179*b + 175*b, 0 = 3*f - 4*b - 34. Let y(a) = 3*a**2 + 14*a - 33. Give y(f).
7
Suppose -s = d - 31 + 26, -4*s + 14 = 3*d. Let g(c) = -c**3 + 7*c**2 - 2*c - 14. Give g(d).
10
Let h(f) = f**3 - 9*f**2 + 10*f - 9. Let s = -124 + 120. Let a be 8/(s + 1 - -4). Determine h(a).
7
Let k(w) = -345 + 94*w + 333 - 4*w - 10*w**2. Give k(